{"id":86,"date":"2025-03-31T08:45:08","date_gmt":"2025-03-31T06:45:08","guid":{"rendered":"https:\/\/seminariumwsl.pl\/?page_id=86"},"modified":"2025-04-07T11:55:02","modified_gmt":"2025-04-07T09:55:02","slug":"honorowa-rada-naukowa","status":"publish","type":"page","link":"https:\/\/seminariumwsl.pl\/?page_id=86","title":{"rendered":"Honorowa Rada Naukowa"},"content":{"rendered":"\n<figure class=\"wp-block-table\"><table class=\"has-fixed-layout\"><tbody><tr><td class=\"has-text-align-center\" data-align=\"center\" rowspan=\"2\">&nbsp;<img loading=\"lazy\" decoding=\"async\" width=\"150\" height=\"119\" class=\"wp-image-87\" style=\"width: 150px;\" src=\"https:\/\/seminariumwsl.pl\/wp-content\/uploads\/2025\/03\/sylwetka.jpg\" alt=\"\"><\/td><td><strong>Prof. dr hab. Przemys\u0142aw Dere\u0144, INTiBS PAN<\/strong><\/td><\/tr><tr><td class=\"has-text-align-center\" data-align=\"center\">&nbsp;<\/td><\/tr><\/tbody><\/table><\/figure>\n\n\n\n<figure class=\"wp-block-table\"><table class=\"has-fixed-layout\"><tbody><tr><td class=\"has-text-align-center\" data-align=\"center\" rowspan=\"2\">&nbsp;<img loading=\"lazy\" decoding=\"async\" width=\"150\" height=\"119\" class=\"wp-image-87\" style=\"width: 150px;\" src=\"https:\/\/seminariumwsl.pl\/wp-content\/uploads\/2025\/03\/sylwetka.jpg\" alt=\"\"><\/td><td><strong>Prof. dr hab. Dariusz Hreniak, INTiBS<\/strong><\/td><\/tr><tr><td class=\"has-text-align-center\" data-align=\"center\">&nbsp;<\/td><\/tr><\/tbody><\/table><\/figure>\n\n\n\n<figure class=\"wp-block-table\"><table class=\"has-fixed-layout\"><tbody><tr><td class=\"has-text-align-center\" data-align=\"center\" rowspan=\"2\">&nbsp;<img loading=\"lazy\" decoding=\"async\" width=\"150\" height=\"119\" class=\"wp-image-87\" style=\"width: 150px;\" src=\"https:\/\/seminariumwsl.pl\/wp-content\/uploads\/2025\/03\/sylwetka.jpg\" alt=\"\"><\/td><td><strong>Prof. dr hab. Robert Kudrawiec, PWr\u200b<\/strong><\/td><\/tr><tr><td class=\"has-text-align-center\" data-align=\"center\">&nbsp;<\/td><\/tr><\/tbody><\/table><\/figure>\n\n\n\n<figure class=\"wp-block-table alignwide\"><table class=\"has-fixed-layout\"><tbody><tr><td class=\"has-text-align-center\" data-align=\"center\" rowspan=\"2\">&nbsp; &nbsp;<img loading=\"lazy\" decoding=\"async\" width=\"300\" height=\"264\" class=\"wp-image-88\" style=\"width: 300px;\" src=\"https:\/\/seminariumwsl.pl\/wp-content\/uploads\/2025\/03\/j_mysliwiec.jpg\" alt=\"\" srcset=\"https:\/\/seminariumwsl.pl\/wp-content\/uploads\/2025\/03\/j_mysliwiec.jpg 544w, https:\/\/seminariumwsl.pl\/wp-content\/uploads\/2025\/03\/j_mysliwiec-300x264.jpg 300w\" sizes=\"auto, (max-width: 300px) 100vw, 300px\" \/><\/td><td><strong>Prof. dr hab. in\u017c. Jaros\u0142aw My\u015bliwiec, PWr\u200b<\/strong><\/td><\/tr><tr><td class=\"has-text-align-center\" data-align=\"center\">Prof. dr hab. in\u017c. Jaros\u0142aw My\u015bliwiec, reprezentuje dyscyplin\u0119 naukowa in\u017cynieria materia\u0142owa. Zatrudniony na Wydziale Chemicznym Politechnice Wroc\u0142awskiej, w Katedrze Optyki Mi\u0119kkiej Materii kt\u00f3rej jest kierownikiem. Jego dzia\u0142alno\u015b\u0107 badawcza koncentruje si\u0119 na mikro- i nanofotonice, nieliniowych efektach optycznych w cz\u0105steczkach typu <em>push-pull<\/em>, polimerach fotochromowych i biopolimerach, uk\u0142adach ciek\u0142okrystalicznych oraz badaniu w\u0142a\u015bciwo\u015bci wzmacniania \u015bwiat\u0142a (wzmacniana emisja spontaniczna, laserowanie i laserowanie randomiczne) w uk\u0142adach organicznych. Jego zainteresowania naukowe dotycz\u0105 takich zagadnie\u0144 jak fotonika w uk\u0142adach nieuporz\u0105dkowanych, optyka nieliniowa, wzmacnianie \u015bwiat\u0142a, ciek\u0142e kryszta\u0142y, polimery i biopolimery, barwniki luminescencyjne, cz\u0105steczki fotochromowe. &nbsp;<\/td><\/tr><\/tbody><\/table><\/figure>\n\n\n\n<figure class=\"wp-block-table alignwide\"><table class=\"has-fixed-layout\"><tbody><tr><td class=\"has-text-align-center\" data-align=\"center\" rowspan=\"2\">&nbsp;<img loading=\"lazy\" decoding=\"async\" width=\"300\" height=\"420\" class=\"wp-image-127\" style=\"width: 300px;\" src=\"https:\/\/seminariumwsl.pl\/wp-content\/uploads\/2025\/04\/Nyk.jpg\" alt=\"\"><\/td><td><strong>Prof. dr hab. Marcin Nyk, PWr\u200b<\/strong> <strong>\u00a0<\/strong><\/td><\/tr><tr><td class=\"has-text-align-center\" data-align=\"center\">Profesor Marcin Nyk pracuje w Instytucie Materia\u0142\u00f3w Zaawansowanych na Wydziale Chemicznym Politechniki Wroc\u0142awskiej. W latach 2006 &#8211; 2008 przebywa\u0142 na sta\u017cu podoktorskim na Uniwersytecie Stanowym Nowego Jorku w Buffalo. W 2014 roku uzyska\u0142 stopie\u0144 doktora habilitowanego nauk technicznych w dyscyplinie in\u017cynierii materia\u0142owej. W 2015 roku otrzyma\u0142 nagrod\u0119 Premiera RP za badania naukowe b\u0119d\u0105ce podstaw\u0105 nadania stopnia doktora habilitowanego. W 2022 roku Prezydent RP nada\u0142 mu tytu\u0142 profesora w dziedzinie nauki in\u017cynieryjno-technicznych w dyscyplinie in\u017cynieria materia\u0142owa. Profesor Marcin Nyk jest autorem ponad 130 prac z tzw. listy filadelfijskiej g\u0142\u00f3wnie z zakresu syntezy i charakteryzacji nanomateria\u0142\u00f3w. Jego prace cytowane by\u0142y dotychczas 4500 razy. Jest te\u017c wsp\u00f3\u0142autorem kilku polskich i mi\u0119dzynarodowych patent\u00f3w. Dzia\u0142alno\u015b\u0107 profesora Marcina Nyka jest interdyscyplinarna i obejmuje tematy z pogranicza chemii, fizyki i nauki o materia\u0142ach. Swoj\u0105 wiedz\u0119 i do\u015bwiadczenie w zakresie wymienionych dziedzin nauki stosuje w projektowaniu, wytwarzaniu i badaniach w\u0142a\u015bciwo\u015bci fizykochemicznych nowych zaawansowanych materia\u0142\u00f3w; g\u0142\u00f3wnie o wymiarach nanometrycznych; o unikalnych w\u0142a\u015bciwo\u015bciach nieliniowo optycznych do potencjalnych zastosowa\u0144 w fotonice, optoelektronice i biomedycynie.&nbsp;<\/td><\/tr><\/tbody><\/table><\/figure>\n\n\n\n<figure class=\"wp-block-table\"><table class=\"has-fixed-layout\"><tbody><tr><td class=\"has-text-align-center\" data-align=\"center\" rowspan=\"2\">\u00a0<img loading=\"lazy\" decoding=\"async\" width=\"300\" height=\"239\" class=\"wp-image-87\" style=\"width: 300px;\" src=\"https:\/\/seminariumwsl.pl\/wp-content\/uploads\/2025\/03\/sylwetka.jpg\" alt=\"\"><\/td><td><strong>dr hab. Marcin Sobczyk, prof. UWr<\/strong><\/td><\/tr><tr><td class=\"has-text-align-center\" data-align=\"center\">&nbsp;<\/td><\/tr><\/tbody><\/table><\/figure>\n\n\n\n<figure class=\"wp-block-table aligncenter\"><table class=\"has-fixed-layout\"><tbody><tr><td class=\"has-text-align-center\" data-align=\"center\" rowspan=\"2\">&nbsp;<img loading=\"lazy\" decoding=\"async\" width=\"300\" height=\"300\" class=\"wp-image-128\" style=\"width: 300px;\" src=\"https:\/\/seminariumwsl.pl\/wp-content\/uploads\/2025\/04\/Sokolnicki.png\" alt=\"\" srcset=\"https:\/\/seminariumwsl.pl\/wp-content\/uploads\/2025\/04\/Sokolnicki.png 198w, https:\/\/seminariumwsl.pl\/wp-content\/uploads\/2025\/04\/Sokolnicki-150x150.png 150w\" sizes=\"auto, (max-width: 300px) 100vw, 300px\" \/><\/td><td><strong>Prof. dr hab. Jerzy Sokolnicki, UWr<\/strong><\/td><\/tr><tr><td class=\"has-text-align-center\" data-align=\"center\">Prof. dr hab. Jerzy Sokolnicki jest absolwentem Wydzia\u0142u Chemii Uniwersytetu Wroc\u0142awskiego, gdzie pracuje do dzi\u015b w Zespole Materia\u0142\u00f3w Luminescencyjnych. W 2000 r. przebywa\u0142 na sta\u017cu podoktorskim w Michigan Technological University w zespole prof. Jamesa P. Riehl\u2019a. W kolejnych latach odby\u0142 szereg kr\u00f3tkoterminowych sta\u017cy na uniwersytecie w Duluth, USA a tak\u017ce w Niemczech, Izraelu, Wietnamie i Ukrainie. Zainteresowania badawcze prof. Sokolnickiego obejmuj\u0105 syntez\u0119, badania strukturalne, morfologiczne i spektroskopowe luminofor\u00f3w dla diod emituj\u0105cych \u015bwiat\u0142o bia\u0142e, zjawisko konwersji energii wzbudzenia w g\u00f3r\u0119, efekt anteny i zjawisko op\u00f3\u017anionej fluorescencji aktywowanej termicznie \u2013TADF. Obecnie pracuje nad nowymi luminoforami oksoazotkowymi dla LED emituj\u0105cych bia\u0142e \u015bwiat\u0142o oraz luminoforami z efektem TADF dla wy\u015bwietlaczy typu OLED. Prof. Sokolnicki jest autorem licznych publikacji naukowych z tego zakresu oraz blisko 90 prezentacji konferencyjnych, w tym wyk\u0142ad\u00f3w plenarnych na mi\u0119dzynarodowych i krajowych konferencjach naukowych. Kierowa\u0142 kilkoma projektami krajowymi i mi\u0119dzynarodowymi, mi\u0119dzy innymi dwoma europejskimi projektami naukowymi na pomiary z u\u017cyciem synchrotronu w stacji badawczej Hasylab-Desy, Hamburg,&nbsp;<\/td><\/tr><\/tbody><\/table><\/figure>\n\n\n\n<figure class=\"wp-block-table\"><table class=\"has-fixed-layout\"><tbody><tr><td class=\"has-text-align-center\" data-align=\"center\" rowspan=\"2\">&nbsp; &nbsp; &nbsp; &nbsp; &nbsp; &nbsp; &nbsp; &nbsp; <img loading=\"lazy\" decoding=\"async\" width=\"300\" height=\"461\" class=\"wp-image-89\" style=\"width: 300px;\" src=\"https:\/\/seminariumwsl.pl\/wp-content\/uploads\/2025\/03\/w_strek.jpg\" alt=\"\" srcset=\"https:\/\/seminariumwsl.pl\/wp-content\/uploads\/2025\/03\/w_strek.jpg 518w, https:\/\/seminariumwsl.pl\/wp-content\/uploads\/2025\/03\/w_strek-195x300.jpg 195w\" sizes=\"auto, (max-width: 300px) 100vw, 300px\" \/>&nbsp; &nbsp;<\/td><td><strong>Prof. dr hab. Wies\u0142aw Str\u0119k, INTiBS\u200b<\/strong> <strong>\u00a0<\/strong><\/td><\/tr><tr><td class=\"has-text-align-center\" data-align=\"center\">Prof. dr hab. Wies\u0142aw Str\u0119k (ur. 1948) uko\u0144czy\u0142 studia fizyczne na Uniwersytecie im. Adama Mickiewicza w Poznaniu, a od 1971 r. jest zwi\u0105zany z Instytutem Niskich Temperatur i Bada\u0144 Strukturalnych PAN we Wroc\u0142awiu, gdzie od 1990 r. pracuje jako profesor. Jego badania koncentruj\u0105 si\u0119 na w\u0142a\u015bciwo\u015bciach optycznych jon\u00f3w ziem rzadkich i metali przej\u015bciowych w kryszta\u0142ach, szk\u0142ach, ceramikach i nanomateria\u0142ach, a tak\u017ce na emisyjnych i elektrycznych w\u0142a\u015bciwo\u015bciach materia\u0142\u00f3w grafenowych. Jest autorem lub wsp\u00f3\u0142autorem ponad 800 publikacji naukowych, cytowanych ponad 14 800 razy (h-index = 59), oraz wsp\u00f3\u0142autorem licznych patent\u00f3w i wynalazk\u00f3w stosowanych w medycynie, nanotechnologii i technice o\u015bwietleniowej. Wsp\u00f3\u0142organizowa\u0142 mi\u0119dzynarodowe konferencje, m.in. International Conference of f-elements i International Conference on Luminescence, oraz pe\u0142ni\u0142 funkcj\u0119 redaktora presti\u017cowych czasopism naukowych. By\u0142 promotorem 15 doktorat\u00f3w i cz\u0142onkiem Rady Narodowego Centrum Bada\u0144 i Rozwoju (2010\u20132014). Wielokrotnie odbywa\u0142 sta\u017ce badawcze w czo\u0142owych o\u015brodkach naukowych na \u015bwiecie, m.in. w USA, Niemczech, Japonii i Chinach. Za swoje osi\u0105gni\u0119cia zosta\u0142 odznaczony Krzy\u017cem Kawalerskim Orderu Odrodzenia Polski oraz wieloma innymi wyr\u00f3\u017cnieniami krajowymi i zagranicznymi.<\/td><\/tr><\/tbody><\/table><\/figure>\n\n\n\n<figure class=\"wp-block-table\"><table class=\"has-fixed-layout\"><tbody><tr><td class=\"has-text-align-center\" data-align=\"center\" rowspan=\"2\">&nbsp;<img loading=\"lazy\" decoding=\"async\" width=\"150\" height=\"119\" class=\"wp-image-87\" style=\"width: 150px;\" src=\"https:\/\/seminariumwsl.pl\/wp-content\/uploads\/2025\/03\/sylwetka.jpg\" alt=\"\"><\/td><td><strong>Prof. dr hab. Eugeniusz Zych, UWr\u200b<\/strong><\/td><\/tr><tr><td class=\"has-text-align-center\" data-align=\"center\">&nbsp;<\/td><\/tr><\/tbody><\/table><\/figure>\n\n\n\n<p><\/p>\n","protected":false},"excerpt":{"rendered":"<p>&nbsp; Prof. dr hab. Przemys\u0142aw Dere\u0144, INTiBS PAN &nbsp; &nbsp; Prof. dr hab. Dariusz Hreniak, INTiBS &nbsp; &nbsp; Prof. dr hab. Robert Kudrawiec, PWr\u200b &nbsp; &nbsp; &nbsp; Prof. dr hab. in\u017c. Jaros\u0142aw My\u015bliwiec, PWr\u200b Prof. dr hab. in\u017c. Jaros\u0142aw My\u015bliwiec, reprezentuje dyscyplin\u0119 naukowa in\u017cynieria materia\u0142owa. Zatrudniony na Wydziale Chemicznym Politechnice Wroc\u0142awskiej, w Katedrze Optyki Mi\u0119kkiej [&hellip;]<\/p>\n","protected":false},"author":1,"featured_media":0,"parent":0,"menu_order":0,"comment_status":"closed","ping_status":"closed","template":"","meta":{"pagelayer_contact_templates":[],"_pagelayer_content":"","footnotes":""},"class_list":["post-86","page","type-page","status-publish","hentry"],"_links":{"self":[{"href":"https:\/\/seminariumwsl.pl\/index.php?rest_route=\/wp\/v2\/pages\/86","targetHints":{"allow":["GET"]}}],"collection":[{"href":"https:\/\/seminariumwsl.pl\/index.php?rest_route=\/wp\/v2\/pages"}],"about":[{"href":"https:\/\/seminariumwsl.pl\/index.php?rest_route=\/wp\/v2\/types\/page"}],"author":[{"embeddable":true,"href":"https:\/\/seminariumwsl.pl\/index.php?rest_route=\/wp\/v2\/users\/1"}],"replies":[{"embeddable":true,"href":"https:\/\/seminariumwsl.pl\/index.php?rest_route=%2Fwp%2Fv2%2Fcomments&post=86"}],"version-history":[{"count":9,"href":"https:\/\/seminariumwsl.pl\/index.php?rest_route=\/wp\/v2\/pages\/86\/revisions"}],"predecessor-version":[{"id":155,"href":"https:\/\/seminariumwsl.pl\/index.php?rest_route=\/wp\/v2\/pages\/86\/revisions\/155"}],"wp:attachment":[{"href":"https:\/\/seminariumwsl.pl\/index.php?rest_route=%2Fwp%2Fv2%2Fmedia&parent=86"}],"curies":[{"name":"wp","href":"https:\/\/api.w.org\/{rel}","templated":true}]}}

<figure class="wp-block-table"><table class="has-fixed-layout"><tbody><tr><td class="has-text-align-center" data-align="center" rowspan="2">&nbsp;<img loading="lazy" decoding="async" width="150" height="119" class="wp-image-87" style="width: 150px;" src="https://seminariumwsl.pl/wp-content/uploads/2025/03/sylwetka.jpg" alt=""></td><td><strong>Prof. dr hab. Przemysław Dereń, INTiBS PAN</strong></td></tr><tr><td class="has-text-align-center" data-align="center">&nbsp;</td></tr></tbody></table></figure>



<figure class="wp-block-table"><table class="has-fixed-layout"><tbody><tr><td class="has-text-align-center" data-align="center" rowspan="2">&nbsp;<img loading="lazy" decoding="async" width="150" height="119" class="wp-image-87" style="width: 150px;" src="https://seminariumwsl.pl/wp-content/uploads/2025/03/sylwetka.jpg" alt=""></td><td><strong>Prof. dr hab. Dariusz Hreniak, INTiBS</strong></td></tr><tr><td class="has-text-align-center" data-align="center">&nbsp;</td></tr></tbody></table></figure>



<figure class="wp-block-table"><table class="has-fixed-layout"><tbody><tr><td class="has-text-align-center" data-align="center" rowspan="2">&nbsp;<img loading="lazy" decoding="async" width="150" height="119" class="wp-image-87" style="width: 150px;" src="https://seminariumwsl.pl/wp-content/uploads/2025/03/sylwetka.jpg" alt=""></td><td><strong>Prof. dr hab. Robert Kudrawiec, PWr​</strong></td></tr><tr><td class="has-text-align-center" data-align="center">&nbsp;</td></tr></tbody></table></figure>



<figure class="wp-block-table alignwide"><table class="has-fixed-layout"><tbody><tr><td class="has-text-align-center" data-align="center" rowspan="2">&nbsp; &nbsp;<img loading="lazy" decoding="async" width="300" height="264" class="wp-image-88" style="width: 300px;" src="https://seminariumwsl.pl/wp-content/uploads/2025/03/j_mysliwiec.jpg" alt="" srcset="https://seminariumwsl.pl/wp-content/uploads/2025/03/j_mysliwiec.jpg 544w, https://seminariumwsl.pl/wp-content/uploads/2025/03/j_mysliwiec-300x264.jpg 300w" sizes="auto, (max-width: 300px) 100vw, 300px" /></td><td><strong>Prof. dr hab. inż. Jarosław Myśliwiec, PWr​</strong></td></tr><tr><td class="has-text-align-center" data-align="center">Prof. dr hab. inż. Jarosław Myśliwiec, reprezentuje dyscyplinę naukowa inżynieria materiałowa. Zatrudniony na Wydziale Chemicznym Politechnice Wrocławskiej, w Katedrze Optyki Miękkiej Materii której jest kierownikiem. Jego działalność badawcza koncentruje się na mikro- i nanofotonice, nieliniowych efektach optycznych w cząsteczkach typu <em>push-pull</em>, polimerach fotochromowych i biopolimerach, układach ciekłokrystalicznych oraz badaniu właściwości wzmacniania światła (wzmacniana emisja spontaniczna, laserowanie i laserowanie randomiczne) w układach organicznych. Jego zainteresowania naukowe dotyczą takich zagadnień jak fotonika w układach nieuporządkowanych, optyka nieliniowa, wzmacnianie światła, ciekłe kryształy, polimery i biopolimery, barwniki luminescencyjne, cząsteczki fotochromowe. &nbsp;</td></tr></tbody></table></figure>



<figure class="wp-block-table alignwide"><table class="has-fixed-layout"><tbody><tr><td class="has-text-align-center" data-align="center" rowspan="2">&nbsp;<img loading="lazy" decoding="async" width="300" height="420" class="wp-image-127" style="width: 300px;" src="https://seminariumwsl.pl/wp-content/uploads/2025/04/Nyk.jpg" alt=""></td><td><strong>Prof. dr hab. Marcin Nyk, PWr​</strong> <strong> </strong></td></tr><tr><td class="has-text-align-center" data-align="center">Profesor Marcin Nyk pracuje w Instytucie Materiałów Zaawansowanych na Wydziale Chemicznym Politechniki Wrocławskiej. W latach 2006 &#8211; 2008 przebywał na stażu podoktorskim na Uniwersytecie Stanowym Nowego Jorku w Buffalo. W 2014 roku uzyskał stopień doktora habilitowanego nauk technicznych w dyscyplinie inżynierii materiałowej. W 2015 roku otrzymał nagrodę Premiera RP za badania naukowe będące podstawą nadania stopnia doktora habilitowanego. W 2022 roku Prezydent RP nadał mu tytuł profesora w dziedzinie nauki inżynieryjno-technicznych w dyscyplinie inżynieria materiałowa. Profesor Marcin Nyk jest autorem ponad 130 prac z tzw. listy filadelfijskiej głównie z zakresu syntezy i charakteryzacji nanomateriałów. Jego prace cytowane były dotychczas 4500 razy. Jest też współautorem kilku polskich i międzynarodowych patentów. Działalność profesora Marcina Nyka jest interdyscyplinarna i obejmuje tematy z pogranicza chemii, fizyki i nauki o materiałach. Swoją wiedzę i doświadczenie w zakresie wymienionych dziedzin nauki stosuje w projektowaniu, wytwarzaniu i badaniach właściwości fizykochemicznych nowych zaawansowanych materiałów; głównie o wymiarach nanometrycznych; o unikalnych właściwościach nieliniowo optycznych do potencjalnych zastosowań w fotonice, optoelektronice i biomedycynie.&nbsp;</td></tr></tbody></table></figure>



<figure class="wp-block-table"><table class="has-fixed-layout"><tbody><tr><td class="has-text-align-center" data-align="center" rowspan="2"> <img loading="lazy" decoding="async" width="300" height="239" class="wp-image-87" style="width: 300px;" src="https://seminariumwsl.pl/wp-content/uploads/2025/03/sylwetka.jpg" alt=""></td><td><strong>dr hab. Marcin Sobczyk, prof. UWr</strong></td></tr><tr><td class="has-text-align-center" data-align="center">&nbsp;</td></tr></tbody></table></figure>



<figure class="wp-block-table aligncenter"><table class="has-fixed-layout"><tbody><tr><td class="has-text-align-center" data-align="center" rowspan="2">&nbsp;<img loading="lazy" decoding="async" width="300" height="300" class="wp-image-128" style="width: 300px;" src="https://seminariumwsl.pl/wp-content/uploads/2025/04/Sokolnicki.png" alt="" srcset="https://seminariumwsl.pl/wp-content/uploads/2025/04/Sokolnicki.png 198w, https://seminariumwsl.pl/wp-content/uploads/2025/04/Sokolnicki-150x150.png 150w" sizes="auto, (max-width: 300px) 100vw, 300px" /></td><td><strong>Prof. dr hab. Jerzy Sokolnicki, UWr</strong></td></tr><tr><td class="has-text-align-center" data-align="center">Prof. dr hab. Jerzy Sokolnicki jest absolwentem Wydziału Chemii Uniwersytetu Wrocławskiego, gdzie pracuje do dziś w Zespole Materiałów Luminescencyjnych. W 2000 r. przebywał na stażu podoktorskim w Michigan Technological University w zespole prof. Jamesa P. Riehl’a. W kolejnych latach odbył szereg krótkoterminowych staży na uniwersytecie w Duluth, USA a także w Niemczech, Izraelu, Wietnamie i Ukrainie. Zainteresowania badawcze prof. Sokolnickiego obejmują syntezę, badania strukturalne, morfologiczne i spektroskopowe luminoforów dla diod emitujących światło białe, zjawisko konwersji energii wzbudzenia w górę, efekt anteny i zjawisko opóźnionej fluorescencji aktywowanej termicznie –TADF. Obecnie pracuje nad nowymi luminoforami oksoazotkowymi dla LED emitujących białe światło oraz luminoforami z efektem TADF dla wyświetlaczy typu OLED. Prof. Sokolnicki jest autorem licznych publikacji naukowych z tego zakresu oraz blisko 90 prezentacji konferencyjnych, w tym wykładów plenarnych na międzynarodowych i krajowych konferencjach naukowych. Kierował kilkoma projektami krajowymi i międzynarodowymi, między innymi dwoma europejskimi projektami naukowymi na pomiary z użyciem synchrotronu w stacji badawczej Hasylab-Desy, Hamburg,&nbsp;</td></tr></tbody></table></figure>



<figure class="wp-block-table"><table class="has-fixed-layout"><tbody><tr><td class="has-text-align-center" data-align="center" rowspan="2">&nbsp; &nbsp; &nbsp; &nbsp; &nbsp; &nbsp; &nbsp; &nbsp; <img loading="lazy" decoding="async" width="300" height="461" class="wp-image-89" style="width: 300px;" src="https://seminariumwsl.pl/wp-content/uploads/2025/03/w_strek.jpg" alt="" srcset="https://seminariumwsl.pl/wp-content/uploads/2025/03/w_strek.jpg 518w, https://seminariumwsl.pl/wp-content/uploads/2025/03/w_strek-195x300.jpg 195w" sizes="auto, (max-width: 300px) 100vw, 300px" />&nbsp; &nbsp;</td><td><strong>Prof. dr hab. Wiesław Stręk, INTiBS​</strong> <strong> </strong></td></tr><tr><td class="has-text-align-center" data-align="center">Prof. dr hab. Wiesław Stręk (ur. 1948) ukończył studia fizyczne na Uniwersytecie im. Adama Mickiewicza w Poznaniu, a od 1971 r. jest związany z Instytutem Niskich Temperatur i Badań Strukturalnych PAN we Wrocławiu, gdzie od 1990 r. pracuje jako profesor. Jego badania koncentrują się na właściwościach optycznych jonów ziem rzadkich i metali przejściowych w kryształach, szkłach, ceramikach i nanomateriałach, a także na emisyjnych i elektrycznych właściwościach materiałów grafenowych. Jest autorem lub współautorem ponad 800 publikacji naukowych, cytowanych ponad 14 800 razy (h-index = 59), oraz współautorem licznych patentów i wynalazków stosowanych w medycynie, nanotechnologii i technice oświetleniowej. Współorganizował międzynarodowe konferencje, m.in. International Conference of f-elements i International Conference on Luminescence, oraz pełnił funkcję redaktora prestiżowych czasopism naukowych. Był promotorem 15 doktoratów i członkiem Rady Narodowego Centrum Badań i Rozwoju (2010–2014). Wielokrotnie odbywał staże badawcze w czołowych ośrodkach naukowych na świecie, m.in. w USA, Niemczech, Japonii i Chinach. Za swoje osiągnięcia został odznaczony Krzyżem Kawalerskim Orderu Odrodzenia Polski oraz wieloma innymi wyróżnieniami krajowymi i zagranicznymi.</td></tr></tbody></table></figure>



<figure class="wp-block-table"><table class="has-fixed-layout"><tbody><tr><td class="has-text-align-center" data-align="center" rowspan="2">&nbsp;<img loading="lazy" decoding="async" width="150" height="119" class="wp-image-87" style="width: 150px;" src="https://seminariumwsl.pl/wp-content/uploads/2025/03/sylwetka.jpg" alt=""></td><td><strong>Prof. dr hab. Eugeniusz Zych, UWr​</strong></td></tr><tr><td class="has-text-align-center" data-align="center">&nbsp;</td></tr></tbody></table></figure>



<p></p>

<p>&nbsp; Prof. dr hab. Przemysław Dereń, INTiBS PAN &nbsp; &nbsp; Prof. dr hab. Dariusz Hreniak, INTiBS &nbsp; &nbsp; Prof. dr hab. Robert Kudrawiec, PWr​ &nbsp; &nbsp; &nbsp; Prof. dr hab. inż. Jarosław Myśliwiec, PWr​ Prof. dr hab. inż. Jarosław Myśliwiec, reprezentuje dyscyplinę naukowa inżynieria materiałowa. Zatrudniony na Wydziale Chemicznym Politechnice Wrocławskiej, w Katedrze Optyki Miękkiej [&hellip;]</p>
