{"id":84,"date":"2025-03-31T08:37:04","date_gmt":"2025-03-31T06:37:04","guid":{"rendered":"https:\/\/seminariumwsl.pl\/?page_id=84"},"modified":"2025-03-31T08:37:04","modified_gmt":"2025-03-31T06:37:04","slug":"kontakt","status":"publish","type":"page","link":"https:\/\/seminariumwsl.pl\/?page_id=84","title":{"rendered":"Kontakt"},"content":{"rendered":"\n<p>Je\u015bli masz jakiekolwiek pytania dotycz\u0105ce seminarium, mo\u017cesz je zada\u0107, pisz\u0105c na nasz adres e-mail:<\/p>\n\n\n\n<p><a href=\"mailto:kontakt@seminariumwsl.pl\">kontakt@seminariumwsl.pl<\/a><\/p>\n\n\n\n<p><\/p>\n","protected":false},"excerpt":{"rendered":"<p>Je\u015bli masz jakiekolwiek pytania dotycz\u0105ce seminarium, mo\u017cesz je zada\u0107, pisz\u0105c na nasz adres e-mail: kontakt@seminariumwsl.pl<\/p>\n","protected":false},"author":1,"featured_media":0,"parent":0,"menu_order":0,"comment_status":"closed","ping_status":"closed","template":"","meta":{"pagelayer_contact_templates":[],"_pagelayer_content":"","footnotes":""},"class_list":["post-84","page","type-page","status-publish","hentry"],"_links":{"self":[{"href":"https:\/\/seminariumwsl.pl\/index.php?rest_route=\/wp\/v2\/pages\/84","targetHints":{"allow":["GET"]}}],"collection":[{"href":"https:\/\/seminariumwsl.pl\/index.php?rest_route=\/wp\/v2\/pages"}],"about":[{"href":"https:\/\/seminariumwsl.pl\/index.php?rest_route=\/wp\/v2\/types\/page"}],"author":[{"embeddable":true,"href":"https:\/\/seminariumwsl.pl\/index.php?rest_route=\/wp\/v2\/users\/1"}],"replies":[{"embeddable":true,"href":"https:\/\/seminariumwsl.pl\/index.php?rest_route=%2Fwp%2Fv2%2Fcomments&post=84"}],"version-history":[{"count":1,"href":"https:\/\/seminariumwsl.pl\/index.php?rest_route=\/wp\/v2\/pages\/84\/revisions"}],"predecessor-version":[{"id":85,"href":"https:\/\/seminariumwsl.pl\/index.php?rest_route=\/wp\/v2\/pages\/84\/revisions\/85"}],"wp:attachment":[{"href":"https:\/\/seminariumwsl.pl\/index.php?rest_route=%2Fwp%2Fv2%2Fmedia&parent=84"}],"curies":[{"name":"wp","href":"https:\/\/api.w.org\/{rel}","templated":true}]}}